{"id":11167,"date":"2025-09-22T14:46:01","date_gmt":"2025-09-22T12:46:01","guid":{"rendered":"https:\/\/maggmalight.com\/?post_type=product&#038;p=11167"},"modified":"2025-09-24T11:30:38","modified_gmt":"2025-09-24T09:30:38","slug":"projecteur-led-sur-rail-de-cadrage-mago-a1055f","status":"publish","type":"product","link":"https:\/\/maggmalight.com\/index.php\/product\/projecteur-led-sur-rail-de-cadrage-mago-a1055f\/","title":{"rendered":"Projecteur LED sur rail de Cadrage &#8211; MAGO A1055F"},"content":{"rendered":"<p data-start=\"221\" data-end=\"346\">Disponible en quatre versions, ce projecteur de cadrage de 10W combine performance et flexibilit\u00e9. Les mod\u00e8les se distinguent par :<\/p>\n<ul data-start=\"348\" data-end=\"590\">\n<li data-start=\"348\" data-end=\"427\">\n<p data-start=\"350\" data-end=\"427\"><strong data-start=\"350\" data-end=\"385\">Plage de temp\u00e9rature de couleur<\/strong> : plusieurs options selon l\u2019application<\/p>\n<\/li>\n<li data-start=\"428\" data-end=\"590\">\n<p data-start=\"430\" data-end=\"454\"><strong data-start=\"430\" data-end=\"450\">Mode de contr\u00f4le<\/strong> :<\/p>\n<ul data-start=\"457\" data-end=\"590\">\n<li data-start=\"457\" data-end=\"479\">\n<p data-start=\"459\" data-end=\"479\">On\/Off (classique)\u00a0 (<strong>Mod\u00e8le : MAGO LV26CLC<\/strong>)<\/p>\n<\/li>\n<li data-start=\"482\" data-end=\"512\">\n<p data-start=\"484\" data-end=\"512\">RF Remote (commande radio)\u00a0 <strong>(<\/strong><strong>Mod\u00e8le : MAGO LV26RFC)<\/strong><\/p>\n<\/li>\n<li data-start=\"515\" data-end=\"544\">\n<p data-start=\"517\" data-end=\"544\">DALI (pilotage num\u00e9rique)\u00a0 <strong>(<\/strong><strong>Mod\u00e8le : MAGO LV26DAB)<\/strong><\/p>\n<\/li>\n<li data-start=\"547\" data-end=\"590\">\n<p data-start=\"549\" data-end=\"590\">Casambi (gestion intelligente sans fil)\u00a0 <strong>(Mod\u00e8le : MAGO LV26CAC)\u00a0<\/strong><\/p>\n<\/li>\n<\/ul>\n<\/li>\n<\/ul>\n<p data-start=\"592\" data-end=\"717\">Con\u00e7u pour un \u00e9clairage pr\u00e9cis et modulable, il est id\u00e9al pour les espaces n\u00e9cessitant un cadrage net du faisceau lumineux.<\/p>\n<p data-start=\"592\" data-end=\"717\"><img fetchpriority=\"high\" decoding=\"async\" class=\" wp-image-11170 aligncenter\" src=\"https:\/\/maggmalight.com\/wp-content\/uploads\/2025\/09\/MAGO-A1055F.webp\" alt=\"\" width=\"386\" height=\"382\" srcset=\"https:\/\/maggmalight.com\/wp-content\/uploads\/2025\/09\/MAGO-A1055F.webp 346w, https:\/\/maggmalight.com\/wp-content\/uploads\/2025\/09\/MAGO-A1055F-300x297.webp 300w, https:\/\/maggmalight.com\/wp-content\/uploads\/2025\/09\/MAGO-A1055F-100x100.webp 100w\" sizes=\"(max-width: 386px) 100vw, 386px\" \/><\/p>\n<p data-start=\"592\" data-end=\"717\">\n","protected":false},"excerpt":{"rendered":"<p data-start=\"221\" data-end=\"346\">Disponible en quatre versions, ce projecteur \u00e0 d\u00e9coupe combine performance et flexibilit\u00e9. Les mod\u00e8les se distinguent par : <strong data-start=\"350\" data-end=\"385\">Plage de temp\u00e9rature de couleur<\/strong> et le <strong data-start=\"430\" data-end=\"450\">Mode de contr\u00f4le.<\/strong><\/p>\n","protected":false},"featured_media":11176,"template":"","meta":[],"product_brand":[177],"product_cat":[178],"product_tag":[],"class_list":{"0":"post-11167","1":"product","2":"type-product","3":"status-publish","4":"has-post-thumbnail","6":"product_brand-maggmalight-brand","7":"product_cat-maggmalight","9":"first","10":"instock","11":"shipping-taxable","12":"product-type-simple"},"jetpack_sharing_enabled":true,"_links":{"self":[{"href":"https:\/\/maggmalight.com\/index.php\/wp-json\/wp\/v2\/product\/11167","targetHints":{"allow":["GET"]}}],"collection":[{"href":"https:\/\/maggmalight.com\/index.php\/wp-json\/wp\/v2\/product"}],"about":[{"href":"https:\/\/maggmalight.com\/index.php\/wp-json\/wp\/v2\/types\/product"}],"wp:featuredmedia":[{"embeddable":true,"href":"https:\/\/maggmalight.com\/index.php\/wp-json\/wp\/v2\/media\/11176"}],"wp:attachment":[{"href":"https:\/\/maggmalight.com\/index.php\/wp-json\/wp\/v2\/media?parent=11167"}],"wp:term":[{"taxonomy":"product_brand","embeddable":true,"href":"https:\/\/maggmalight.com\/index.php\/wp-json\/wp\/v2\/product_brand?post=11167"},{"taxonomy":"product_cat","embeddable":true,"href":"https:\/\/maggmalight.com\/index.php\/wp-json\/wp\/v2\/product_cat?post=11167"},{"taxonomy":"product_tag","embeddable":true,"href":"https:\/\/maggmalight.com\/index.php\/wp-json\/wp\/v2\/product_tag?post=11167"}],"curies":[{"name":"wp","href":"https:\/\/api.w.org\/{rel}","templated":true}]}}